{"id":17,"date":"2025-01-12T20:49:48","date_gmt":"2025-01-12T20:49:48","guid":{"rendered":"https:\/\/kwiatekfizjoterapia.pl\/?page_id=17"},"modified":"2025-01-12T22:45:53","modified_gmt":"2025-01-12T22:45:53","slug":"home","status":"publish","type":"page","link":"https:\/\/kwiatekfizjoterapia.pl\/","title":{"rendered":"Home"},"content":{"rendered":"\t\t<div data-elementor-type=\"wp-page\" data-elementor-id=\"17\" class=\"elementor elementor-17\" data-elementor-post-type=\"page\">\n\t\t\t\t<div class=\"elementor-element elementor-element-e54eaa3 e-flex e-con-boxed e-con e-parent\" data-id=\"e54eaa3\" data-element_type=\"container\" data-settings=\"{&quot;background_background&quot;:&quot;classic&quot;}\">\n\t\t\t\t\t<div class=\"e-con-inner\">\n\t\t\t\t<div class=\"elementor-element elementor-element-8308543 elementor-widget elementor-widget-heading\" data-id=\"8308543\" data-element_type=\"widget\" data-widget_type=\"heading.default\">\n\t\t\t\t<div class=\"elementor-widget-container\">\n\t\t\t\t\t<h1 class=\"elementor-heading-title elementor-size-default\">Fizjoterapia Wroc\u0142aw - Bartosz Kwiatek<\/h1>\t\t\t\t<\/div>\n\t\t\t\t<\/div>\n\t\t\t\t<div class=\"elementor-element elementor-element-c103178 elementor-widget elementor-widget-button\" data-id=\"c103178\" data-element_type=\"widget\" data-widget_type=\"button.default\">\n\t\t\t\t<div class=\"elementor-widget-container\">\n\t\t\t\t\t\t\t\t\t<div class=\"elementor-button-wrapper\">\n\t\t\t\t\t<a class=\"elementor-button elementor-button-link elementor-size-sm\" href=\"https:\/\/www.znanylekarz.pl\/bartosz-kwiatek\/fizjoterapeuta\/wroclaw\" target=\"_blank\">\n\t\t\t\t\t\t<span class=\"elementor-button-content-wrapper\">\n\t\t\t\t\t\t\t\t\t<span class=\"elementor-button-text\">Um\u00f3w si\u0119<\/span>\n\t\t\t\t\t<\/span>\n\t\t\t\t\t<\/a>\n\t\t\t\t<\/div>\n\t\t\t\t\t\t\t\t<\/div>\n\t\t\t\t<\/div>\n\t\t\t\t\t<\/div>\n\t\t\t\t<\/div>\n\t\t<div class=\"elementor-element elementor-element-ba43f1e e-grid e-con-boxed e-con e-parent\" data-id=\"ba43f1e\" data-element_type=\"container\" data-settings=\"{&quot;background_background&quot;:&quot;classic&quot;}\">\n\t\t\t\t\t<div class=\"e-con-inner\">\n\t\t<div class=\"elementor-element elementor-element-6497854 e-con-full e-flex e-con e-child\" data-id=\"6497854\" data-element_type=\"container\">\n\t\t\t\t<div class=\"elementor-element elementor-element-f8125a3 elementor-widget elementor-widget-heading\" data-id=\"f8125a3\" data-element_type=\"widget\" data-widget_type=\"heading.default\">\n\t\t\t\t<div class=\"elementor-widget-container\">\n\t\t\t\t\t<h2 class=\"elementor-heading-title elementor-size-default\">O mnie - Fizjoterapeuta Bartosz Kwiatek<\/h2>\t\t\t\t<\/div>\n\t\t\t\t<\/div>\n\t\t\t\t<div class=\"elementor-element elementor-element-746f8df elementor-widget elementor-widget-text-editor\" data-id=\"746f8df\" data-element_type=\"widget\" data-widget_type=\"text-editor.default\">\n\t\t\t\t<div class=\"elementor-widget-container\">\n\t\t\t\t\t\t\t\t\t<p>Fizjoterapeuta, trener medyczny, trener personalny.<\/p><p>Do\u015bwiadczenie zawodowe zdobywa\u0142em zar\u00f3wno w Polsce, jak i za granic\u0105, odbywaj\u0105c sta\u017ce w Stanach Zjednoczonych oraz Chorwacji w obszarach rehabilitacji sportowej, klinicznej i diagnostyki.<br \/>W 2017 roku rozpocz\u0105\u0142em swoj\u0105 pasj\u0119, pracuj\u0105c w presti\u017cowych klinikach na terenie Polski, wsp\u00f3\u0142pracuj\u0105c z wyczynowymi sportowcami, pacjentami po zabiegach, a tak\u017ce osobami potrzebuj\u0105cymi wzmocnienia organizmu.<\/p><p>Integraln\u0105 cz\u0119\u015bci\u0105 mojej misji fizjoterapeuty jest branie odpowiedzialno\u015bci za zdrowie i doskona\u0142e samopoczucie podopiecznych, zbudowane na wzajemnym zaufaniu. Chc\u0119 i zale\u017cy mi aby\u015bcie ka\u017cdego dnia wstawali pe\u0142ni energii, wolni od b\u00f3lu, z kt\u00f3rym si\u0119 zmagali\u015bcie od d\u0142u\u017cszego czasu oraz tym, kt\u00f3ry jest \u015bwie\u017cym urazem w stanie zapalnym.<\/p><p>Po\u0142\u0105czenie fizjoterapii i treningu pozwala mi skutecznie podnosi\u0107 \u015bwiadomo\u015b\u0107 pacjent\u00f3w, jak wa\u017cna jest aktywno\u015bci fizyczna oraz wspiera\u0107 ich w zmianie codziennych nawyk\u00f3w i ergonomii pracy, co jest kluczowe dla d\u0142ugotrwa\u0142ych efekt\u00f3w.<\/p><p>Wa\u017cnym elementem mojego zawodu jest edukowanie pacjent\u00f3w w zakresie wp\u0142ywu emocji i stresu na cia\u0142o oraz troska o Wasze zdrowie i dobre samopoczucie.<\/p><p>Moim celem jest nie tylko \u0142agodzenie objaw\u00f3w, ale przede wszystkim dotarcie do pierwotnej przyczyny i pe\u0142ne wsparcie w procesie zdrowienia.<\/p><p>Prowadz\u0119 r\u00f3wnie\u017c trening medyczny, rehabilitacj\u0119 sportow\u0105, kt\u00f3ra jest fundamentalnym narz\u0119dziem do zwi\u0119kszenia si\u0142y mi\u0119\u015bniowej, mobilno\u015bci staw\u00f3w i utrzymania prawid\u0142owej postawy cia\u0142a.<\/p><p><strong>Uko\u0144czone szkolenia:<\/strong><\/p><ul><li>Manipulacja Powi\u0119zi w dysfunkcjach narz\u0105d\u00f3w wewn\u0119trznych<\/li><li>Manipulacja Powi\u0119zi w dysfunkcjach psycho-somatycznych<\/li><li>Manipulacja Powi\u0119zi w dysfunkcjach narz\u0105du ruchu<\/li><li>Diagnozowanie i leczenie dysfunkcji miednicy<\/li><li>Leczenie uk\u0142adu mi\u0119\u015bniowo-szkieletowego technikami powi\u0119ziowymi FDM<\/li><li>Trener personalny (Wroc\u0142aw)<\/li><li>Movement &amp; Mobility Specialist (Warszawa)<\/li><\/ul>\t\t\t\t\t\t\t\t<\/div>\n\t\t\t\t<\/div>\n\t\t\t\t<\/div>\n\t\t\t\t<div class=\"elementor-element elementor-element-ba00b90 elementor-widget elementor-widget-image\" data-id=\"ba00b90\" data-element_type=\"widget\" data-widget_type=\"image.default\">\n\t\t\t\t<div class=\"elementor-widget-container\">\n\t\t\t\t\t\t\t\t\t\t\t\t\t\t\t<img fetchpriority=\"high\" decoding=\"async\" width=\"768\" height=\"1024\" src=\"https:\/\/kwiatekfizjoterapia.pl\/wp-content\/uploads\/2025\/01\/bartosz-kwiatek-768x1024.jpg\" class=\"attachment-large size-large wp-image-82\" alt=\"\" srcset=\"https:\/\/kwiatekfizjoterapia.pl\/wp-content\/uploads\/2025\/01\/bartosz-kwiatek-768x1024.jpg 768w, https:\/\/kwiatekfizjoterapia.pl\/wp-content\/uploads\/2025\/01\/bartosz-kwiatek-225x300.jpg 225w, https:\/\/kwiatekfizjoterapia.pl\/wp-content\/uploads\/2025\/01\/bartosz-kwiatek.jpg 1024w\" sizes=\"(max-width: 768px) 100vw, 768px\" \/>\t\t\t\t\t\t\t\t\t\t\t\t\t\t\t<\/div>\n\t\t\t\t<\/div>\n\t\t\t\t<div class=\"elementor-element elementor-element-b668e49 elementor-absolute elementor-widget elementor-widget-menu-anchor\" data-id=\"b668e49\" data-element_type=\"widget\" data-settings=\"{&quot;_position&quot;:&quot;absolute&quot;}\" data-widget_type=\"menu-anchor.default\">\n\t\t\t\t<div class=\"elementor-widget-container\">\n\t\t\t\t\t\t\t<div class=\"elementor-menu-anchor\" id=\"o-mnie\"><\/div>\n\t\t\t\t\t\t<\/div>\n\t\t\t\t<\/div>\n\t\t\t\t\t<\/div>\n\t\t\t\t<\/div>\n\t\t<div class=\"elementor-element elementor-element-0120ee0 e-flex e-con-boxed e-con e-parent\" data-id=\"0120ee0\" data-element_type=\"container\" data-settings=\"{&quot;background_background&quot;:&quot;classic&quot;}\">\n\t\t\t\t\t<div class=\"e-con-inner\">\n\t\t\t\t<div class=\"elementor-element elementor-element-d90f354 elementor-widget elementor-widget-heading\" data-id=\"d90f354\" data-element_type=\"widget\" data-widget_type=\"heading.default\">\n\t\t\t\t<div class=\"elementor-widget-container\">\n\t\t\t\t\t<h2 class=\"elementor-heading-title elementor-size-default\">Us\u0142ugi: Rehabilitacja, Fizjoterapia, Trening medyczny<\/h2>\t\t\t\t<\/div>\n\t\t\t\t<\/div>\n\t\t\t\t<div class=\"elementor-element elementor-element-59695d2 elementor-absolute elementor-widget elementor-widget-menu-anchor\" data-id=\"59695d2\" data-element_type=\"widget\" data-settings=\"{&quot;_position&quot;:&quot;absolute&quot;}\" data-widget_type=\"menu-anchor.default\">\n\t\t\t\t<div class=\"elementor-widget-container\">\n\t\t\t\t\t\t\t<div class=\"elementor-menu-anchor\" id=\"uslugi\"><\/div>\n\t\t\t\t\t\t<\/div>\n\t\t\t\t<\/div>\n\t\t\t\t\t<\/div>\n\t\t\t\t<\/div>\n\t\t<div class=\"elementor-element elementor-element-0928fae e-flex e-con-boxed e-con e-parent\" data-id=\"0928fae\" data-element_type=\"container\" data-settings=\"{&quot;background_background&quot;:&quot;classic&quot;}\">\n\t\t\t\t\t<div class=\"e-con-inner\">\n\t\t\t\t<div class=\"elementor-element elementor-element-c51a32f elementor-widget elementor-widget-heading\" data-id=\"c51a32f\" data-element_type=\"widget\" data-widget_type=\"heading.default\">\n\t\t\t\t<div class=\"elementor-widget-container\">\n\t\t\t\t\t<h2 class=\"elementor-heading-title elementor-size-default\">Galeria<\/h2>\t\t\t\t<\/div>\n\t\t\t\t<\/div>\n\t\t\t\t<div class=\"elementor-element elementor-element-801d46e elementor-widget elementor-widget-gallery\" data-id=\"801d46e\" data-element_type=\"widget\" data-settings=\"{&quot;columns&quot;:3,&quot;gap&quot;:{&quot;unit&quot;:&quot;px&quot;,&quot;size&quot;:60,&quot;sizes&quot;:[]},&quot;aspect_ratio&quot;:&quot;1:1&quot;,&quot;gap_mobile&quot;:{&quot;unit&quot;:&quot;px&quot;,&quot;size&quot;:30,&quot;sizes&quot;:[]},&quot;lazyload&quot;:&quot;yes&quot;,&quot;gallery_layout&quot;:&quot;grid&quot;,&quot;columns_tablet&quot;:2,&quot;columns_mobile&quot;:1,&quot;gap_tablet&quot;:{&quot;unit&quot;:&quot;px&quot;,&quot;size&quot;:10,&quot;sizes&quot;:[]},&quot;link_to&quot;:&quot;file&quot;,&quot;overlay_background&quot;:&quot;yes&quot;,&quot;content_hover_animation&quot;:&quot;fade-in&quot;}\" data-widget_type=\"gallery.default\">\n\t\t\t\t<div class=\"elementor-widget-container\">\n\t\t\t\t\t\t\t<div class=\"elementor-gallery__container\">\n\t\t\t\t\t\t\t<a class=\"e-gallery-item elementor-gallery-item elementor-animated-content\" href=\"https:\/\/kwiatekfizjoterapia.pl\/wp-content\/uploads\/2025\/01\/1-scaled.jpg\" data-elementor-open-lightbox=\"yes\" data-elementor-lightbox-slideshow=\"801d46e\" data-elementor-lightbox-title=\"1\" data-e-action-hash=\"#elementor-action%3Aaction%3Dlightbox%26settings%3DeyJpZCI6MTAwLCJ1cmwiOiJodHRwczpcL1wva3dpYXRla2ZpempvdGVyYXBpYS5wbFwvd3AtY29udGVudFwvdXBsb2Fkc1wvMjAyNVwvMDFcLzEtc2NhbGVkLmpwZyIsInNsaWRlc2hvdyI6IjgwMWQ0NmUifQ%3D%3D\">\n\t\t\t\t\t<div class=\"e-gallery-image elementor-gallery-item__image\" data-thumbnail=\"https:\/\/kwiatekfizjoterapia.pl\/wp-content\/uploads\/2025\/01\/1-768x1024.jpg\" data-width=\"768\" data-height=\"1024\" aria-label=\"\" role=\"img\" ><\/div>\n\t\t\t\t\t\t\t\t\t\t\t<div class=\"elementor-gallery-item__overlay\"><\/div>\n\t\t\t\t\t\t\t\t\t\t\t\t\t\t<\/a>\n\t\t\t\t\t\t\t<a class=\"e-gallery-item elementor-gallery-item elementor-animated-content\" href=\"https:\/\/kwiatekfizjoterapia.pl\/wp-content\/uploads\/2025\/01\/IMG_9415-scaled.jpg\" data-elementor-open-lightbox=\"yes\" data-elementor-lightbox-slideshow=\"801d46e\" data-elementor-lightbox-title=\"IMG_9415\" data-e-action-hash=\"#elementor-action%3Aaction%3Dlightbox%26settings%3DeyJpZCI6OTksInVybCI6Imh0dHBzOlwvXC9rd2lhdGVrZml6am90ZXJhcGlhLnBsXC93cC1jb250ZW50XC91cGxvYWRzXC8yMDI1XC8wMVwvSU1HXzk0MTUtc2NhbGVkLmpwZyIsInNsaWRlc2hvdyI6IjgwMWQ0NmUifQ%3D%3D\">\n\t\t\t\t\t<div class=\"e-gallery-image elementor-gallery-item__image\" data-thumbnail=\"https:\/\/kwiatekfizjoterapia.pl\/wp-content\/uploads\/2025\/01\/IMG_9415-768x576.jpg\" data-width=\"768\" data-height=\"576\" aria-label=\"\" role=\"img\" ><\/div>\n\t\t\t\t\t\t\t\t\t\t\t<div class=\"elementor-gallery-item__overlay\"><\/div>\n\t\t\t\t\t\t\t\t\t\t\t\t\t\t<\/a>\n\t\t\t\t\t\t\t<a class=\"e-gallery-item elementor-gallery-item elementor-animated-content\" href=\"https:\/\/kwiatekfizjoterapia.pl\/wp-content\/uploads\/2025\/01\/IMG_9404-scaled.jpg\" data-elementor-open-lightbox=\"yes\" data-elementor-lightbox-slideshow=\"801d46e\" data-elementor-lightbox-title=\"IMG_9404\" data-e-action-hash=\"#elementor-action%3Aaction%3Dlightbox%26settings%3DeyJpZCI6OTgsInVybCI6Imh0dHBzOlwvXC9rd2lhdGVrZml6am90ZXJhcGlhLnBsXC93cC1jb250ZW50XC91cGxvYWRzXC8yMDI1XC8wMVwvSU1HXzk0MDQtc2NhbGVkLmpwZyIsInNsaWRlc2hvdyI6IjgwMWQ0NmUifQ%3D%3D\">\n\t\t\t\t\t<div class=\"e-gallery-image elementor-gallery-item__image\" data-thumbnail=\"https:\/\/kwiatekfizjoterapia.pl\/wp-content\/uploads\/2025\/01\/IMG_9404-768x1024.jpg\" data-width=\"768\" data-height=\"1024\" aria-label=\"\" role=\"img\" ><\/div>\n\t\t\t\t\t\t\t\t\t\t\t<div class=\"elementor-gallery-item__overlay\"><\/div>\n\t\t\t\t\t\t\t\t\t\t\t\t\t\t<\/a>\n\t\t\t\t\t<\/div>\n\t\t\t\t\t<\/div>\n\t\t\t\t<\/div>\n\t\t\t\t<div class=\"elementor-element elementor-element-764db0b elementor-absolute elementor-widget elementor-widget-menu-anchor\" data-id=\"764db0b\" data-element_type=\"widget\" data-settings=\"{&quot;_position&quot;:&quot;absolute&quot;}\" data-widget_type=\"menu-anchor.default\">\n\t\t\t\t<div class=\"elementor-widget-container\">\n\t\t\t\t\t\t\t<div class=\"elementor-menu-anchor\" id=\"galeria\"><\/div>\n\t\t\t\t\t\t<\/div>\n\t\t\t\t<\/div>\n\t\t\t\t\t<\/div>\n\t\t\t\t<\/div>\n\t\t<div class=\"elementor-element elementor-element-05564fd e-flex e-con-boxed e-con e-parent\" data-id=\"05564fd\" data-element_type=\"container\" data-settings=\"{&quot;background_background&quot;:&quot;classic&quot;}\">\n\t\t\t\t\t<div class=\"e-con-inner\">\n\t\t\t\t<div class=\"elementor-element elementor-element-0bb6c52 elementor-widget elementor-widget-heading\" data-id=\"0bb6c52\" data-element_type=\"widget\" data-widget_type=\"heading.default\">\n\t\t\t\t<div class=\"elementor-widget-container\">\n\t\t\t\t\t<h2 class=\"elementor-heading-title elementor-size-default\">FAQ - Wkr\u00f3tce<\/h2>\t\t\t\t<\/div>\n\t\t\t\t<\/div>\n\t\t\t\t<div class=\"elementor-element elementor-element-0f86a86 elementor-absolute elementor-widget elementor-widget-menu-anchor\" data-id=\"0f86a86\" data-element_type=\"widget\" data-settings=\"{&quot;_position&quot;:&quot;absolute&quot;}\" data-widget_type=\"menu-anchor.default\">\n\t\t\t\t<div class=\"elementor-widget-container\">\n\t\t\t\t\t\t\t<div class=\"elementor-menu-anchor\" id=\"faq\"><\/div>\n\t\t\t\t\t\t<\/div>\n\t\t\t\t<\/div>\n\t\t\t\t\t<\/div>\n\t\t\t\t<\/div>\n\t\t\t\t<\/div>\n\t\t","protected":false},"excerpt":{"rendered":"<p>Fizjoterapia Wroc\u0142aw &#8211; Bartosz Kwiatek Um\u00f3w si\u0119 O mnie &#8211; Fizjoterapeuta Bartosz Kwiatek Fizjoterapeuta, trener medyczny, trener personalny. Do\u015bwiadczenie zawodowe zdobywa\u0142em zar\u00f3wno w Polsce, jak i za granic\u0105, odbywaj\u0105c sta\u017ce w Stanach Zjednoczonych oraz Chorwacji w obszarach rehabilitacji sportowej, klinicznej i diagnostyki.W 2017 roku rozpocz\u0105\u0142em swoj\u0105 pasj\u0119, pracuj\u0105c w presti\u017cowych klinikach na terenie Polski, wsp\u00f3\u0142pracuj\u0105c [&hellip;]<\/p>\n","protected":false},"author":1,"featured_media":0,"parent":0,"menu_order":0,"comment_status":"closed","ping_status":"closed","template":"","meta":{"footnotes":""},"class_list":["post-17","page","type-page","status-publish","hentry"],"yoast_head":"<!-- This site is optimized with the Yoast SEO plugin v24.2 - https:\/\/yoast.com\/wordpress\/plugins\/seo\/ -->\n<title>Fizjoterapeuta Bartosz Kwiatek - Fizjoterapia Wroc\u0142aw<\/title>\n<meta name=\"description\" content=\"Um\u00f3w wizyt\u0119 u fizjoterapeuty we Wroc\u0142awiu. Pomog\u0119 Ci w rehabilitacji oraz treningu medycznym. Przeprowadz\u0119 zabiegi fizjoterapeutyczne.\" \/>\n<meta name=\"robots\" content=\"index, follow, max-snippet:-1, max-image-preview:large, max-video-preview:-1\" \/>\n<link rel=\"canonical\" href=\"https:\/\/kwiatekfizjoterapia.pl\/\" \/>\n<meta property=\"og:locale\" content=\"pl_PL\" \/>\n<meta property=\"og:type\" content=\"article\" \/>\n<meta property=\"og:title\" content=\"Fizjoterapeuta Bartosz Kwiatek - Fizjoterapia Wroc\u0142aw\" \/>\n<meta property=\"og:description\" content=\"Um\u00f3w wizyt\u0119 u fizjoterapeuty we Wroc\u0142awiu. Pomog\u0119 Ci w rehabilitacji oraz treningu medycznym. Przeprowadz\u0119 zabiegi fizjoterapeutyczne.\" \/>\n<meta property=\"og:url\" content=\"https:\/\/kwiatekfizjoterapia.pl\/\" \/>\n<meta property=\"og:site_name\" content=\"Fizjoterapia Wroc\u0142aw Bartosz Kwiatek\" \/>\n<meta property=\"article:modified_time\" content=\"2025-01-12T22:45:53+00:00\" \/>\n<meta property=\"og:image\" content=\"https:\/\/kwiatekfizjoterapia.pl\/wp-content\/uploads\/2025\/01\/bartosz-kwiatek-768x1024.jpg\" \/>\n<meta name=\"twitter:card\" content=\"summary_large_image\" \/>\n<meta name=\"twitter:label1\" content=\"Szacowany czas czytania\" \/>\n\t<meta name=\"twitter:data1\" content=\"2 minuty\" \/>\n<script type=\"application\/ld+json\" class=\"yoast-schema-graph\">{\"@context\":\"https:\/\/schema.org\",\"@graph\":[{\"@type\":\"WebPage\",\"@id\":\"https:\/\/kwiatekfizjoterapia.pl\/\",\"url\":\"https:\/\/kwiatekfizjoterapia.pl\/\",\"name\":\"Fizjoterapeuta Bartosz Kwiatek - Fizjoterapia Wroc\u0142aw\",\"isPartOf\":{\"@id\":\"https:\/\/kwiatekfizjoterapia.pl\/#website\"},\"primaryImageOfPage\":{\"@id\":\"https:\/\/kwiatekfizjoterapia.pl\/#primaryimage\"},\"image\":{\"@id\":\"https:\/\/kwiatekfizjoterapia.pl\/#primaryimage\"},\"thumbnailUrl\":\"https:\/\/kwiatekfizjoterapia.pl\/wp-content\/uploads\/2025\/01\/bartosz-kwiatek-768x1024.jpg\",\"datePublished\":\"2025-01-12T20:49:48+00:00\",\"dateModified\":\"2025-01-12T22:45:53+00:00\",\"description\":\"Um\u00f3w wizyt\u0119 u fizjoterapeuty we Wroc\u0142awiu. Pomog\u0119 Ci w rehabilitacji oraz treningu medycznym. Przeprowadz\u0119 zabiegi fizjoterapeutyczne.\",\"breadcrumb\":{\"@id\":\"https:\/\/kwiatekfizjoterapia.pl\/#breadcrumb\"},\"inLanguage\":\"pl-PL\",\"potentialAction\":[{\"@type\":\"ReadAction\",\"target\":[\"https:\/\/kwiatekfizjoterapia.pl\/\"]}]},{\"@type\":\"ImageObject\",\"inLanguage\":\"pl-PL\",\"@id\":\"https:\/\/kwiatekfizjoterapia.pl\/#primaryimage\",\"url\":\"https:\/\/kwiatekfizjoterapia.pl\/wp-content\/uploads\/2025\/01\/bartosz-kwiatek.jpg\",\"contentUrl\":\"https:\/\/kwiatekfizjoterapia.pl\/wp-content\/uploads\/2025\/01\/bartosz-kwiatek.jpg\",\"width\":1024,\"height\":1365},{\"@type\":\"BreadcrumbList\",\"@id\":\"https:\/\/kwiatekfizjoterapia.pl\/#breadcrumb\",\"itemListElement\":[{\"@type\":\"ListItem\",\"position\":1,\"name\":\"Strona g\u0142\u00f3wna\",\"item\":\"https:\/\/kwiatekfizjoterapia.pl\/\"},{\"@type\":\"ListItem\",\"position\":2,\"name\":\"Home\"}]},{\"@type\":\"WebSite\",\"@id\":\"https:\/\/kwiatekfizjoterapia.pl\/#website\",\"url\":\"https:\/\/kwiatekfizjoterapia.pl\/\",\"name\":\"Fizjoterapia Wroc\u0142aw Bartosz Kwiatek\",\"description\":\"\",\"publisher\":{\"@id\":\"https:\/\/kwiatekfizjoterapia.pl\/#organization\"},\"potentialAction\":[{\"@type\":\"SearchAction\",\"target\":{\"@type\":\"EntryPoint\",\"urlTemplate\":\"https:\/\/kwiatekfizjoterapia.pl\/?s={search_term_string}\"},\"query-input\":{\"@type\":\"PropertyValueSpecification\",\"valueRequired\":true,\"valueName\":\"search_term_string\"}}],\"inLanguage\":\"pl-PL\"},{\"@type\":\"Organization\",\"@id\":\"https:\/\/kwiatekfizjoterapia.pl\/#organization\",\"name\":\"Fizjoterapia Wroc\u0142aw Bartosz Kwiatek\",\"url\":\"https:\/\/kwiatekfizjoterapia.pl\/\",\"logo\":{\"@type\":\"ImageObject\",\"inLanguage\":\"pl-PL\",\"@id\":\"https:\/\/kwiatekfizjoterapia.pl\/#\/schema\/logo\/image\/\",\"url\":\"https:\/\/kwiatekfizjoterapia.pl\/wp-content\/uploads\/2025\/01\/bartosz-logo.png\",\"contentUrl\":\"https:\/\/kwiatekfizjoterapia.pl\/wp-content\/uploads\/2025\/01\/bartosz-logo.png\",\"width\":1930,\"height\":1081,\"caption\":\"Fizjoterapia Wroc\u0142aw Bartosz Kwiatek\"},\"image\":{\"@id\":\"https:\/\/kwiatekfizjoterapia.pl\/#\/schema\/logo\/image\/\"}}]}<\/script>\n<!-- \/ Yoast SEO plugin. -->","yoast_head_json":{"title":"Fizjoterapeuta Bartosz Kwiatek - Fizjoterapia Wroc\u0142aw","description":"Um\u00f3w wizyt\u0119 u fizjoterapeuty we Wroc\u0142awiu. Pomog\u0119 Ci w rehabilitacji oraz treningu medycznym. Przeprowadz\u0119 zabiegi fizjoterapeutyczne.","robots":{"index":"index","follow":"follow","max-snippet":"max-snippet:-1","max-image-preview":"max-image-preview:large","max-video-preview":"max-video-preview:-1"},"canonical":"https:\/\/kwiatekfizjoterapia.pl\/","og_locale":"pl_PL","og_type":"article","og_title":"Fizjoterapeuta Bartosz Kwiatek - Fizjoterapia Wroc\u0142aw","og_description":"Um\u00f3w wizyt\u0119 u fizjoterapeuty we Wroc\u0142awiu. Pomog\u0119 Ci w rehabilitacji oraz treningu medycznym. Przeprowadz\u0119 zabiegi fizjoterapeutyczne.","og_url":"https:\/\/kwiatekfizjoterapia.pl\/","og_site_name":"Fizjoterapia Wroc\u0142aw Bartosz Kwiatek","article_modified_time":"2025-01-12T22:45:53+00:00","og_image":[{"url":"https:\/\/kwiatekfizjoterapia.pl\/wp-content\/uploads\/2025\/01\/bartosz-kwiatek-768x1024.jpg","type":"","width":"","height":""}],"twitter_card":"summary_large_image","twitter_misc":{"Szacowany czas czytania":"2 minuty"},"schema":{"@context":"https:\/\/schema.org","@graph":[{"@type":"WebPage","@id":"https:\/\/kwiatekfizjoterapia.pl\/","url":"https:\/\/kwiatekfizjoterapia.pl\/","name":"Fizjoterapeuta Bartosz Kwiatek - Fizjoterapia Wroc\u0142aw","isPartOf":{"@id":"https:\/\/kwiatekfizjoterapia.pl\/#website"},"primaryImageOfPage":{"@id":"https:\/\/kwiatekfizjoterapia.pl\/#primaryimage"},"image":{"@id":"https:\/\/kwiatekfizjoterapia.pl\/#primaryimage"},"thumbnailUrl":"https:\/\/kwiatekfizjoterapia.pl\/wp-content\/uploads\/2025\/01\/bartosz-kwiatek-768x1024.jpg","datePublished":"2025-01-12T20:49:48+00:00","dateModified":"2025-01-12T22:45:53+00:00","description":"Um\u00f3w wizyt\u0119 u fizjoterapeuty we Wroc\u0142awiu. Pomog\u0119 Ci w rehabilitacji oraz treningu medycznym. Przeprowadz\u0119 zabiegi fizjoterapeutyczne.","breadcrumb":{"@id":"https:\/\/kwiatekfizjoterapia.pl\/#breadcrumb"},"inLanguage":"pl-PL","potentialAction":[{"@type":"ReadAction","target":["https:\/\/kwiatekfizjoterapia.pl\/"]}]},{"@type":"ImageObject","inLanguage":"pl-PL","@id":"https:\/\/kwiatekfizjoterapia.pl\/#primaryimage","url":"https:\/\/kwiatekfizjoterapia.pl\/wp-content\/uploads\/2025\/01\/bartosz-kwiatek.jpg","contentUrl":"https:\/\/kwiatekfizjoterapia.pl\/wp-content\/uploads\/2025\/01\/bartosz-kwiatek.jpg","width":1024,"height":1365},{"@type":"BreadcrumbList","@id":"https:\/\/kwiatekfizjoterapia.pl\/#breadcrumb","itemListElement":[{"@type":"ListItem","position":1,"name":"Strona g\u0142\u00f3wna","item":"https:\/\/kwiatekfizjoterapia.pl\/"},{"@type":"ListItem","position":2,"name":"Home"}]},{"@type":"WebSite","@id":"https:\/\/kwiatekfizjoterapia.pl\/#website","url":"https:\/\/kwiatekfizjoterapia.pl\/","name":"Fizjoterapia Wroc\u0142aw Bartosz Kwiatek","description":"","publisher":{"@id":"https:\/\/kwiatekfizjoterapia.pl\/#organization"},"potentialAction":[{"@type":"SearchAction","target":{"@type":"EntryPoint","urlTemplate":"https:\/\/kwiatekfizjoterapia.pl\/?s={search_term_string}"},"query-input":{"@type":"PropertyValueSpecification","valueRequired":true,"valueName":"search_term_string"}}],"inLanguage":"pl-PL"},{"@type":"Organization","@id":"https:\/\/kwiatekfizjoterapia.pl\/#organization","name":"Fizjoterapia Wroc\u0142aw Bartosz Kwiatek","url":"https:\/\/kwiatekfizjoterapia.pl\/","logo":{"@type":"ImageObject","inLanguage":"pl-PL","@id":"https:\/\/kwiatekfizjoterapia.pl\/#\/schema\/logo\/image\/","url":"https:\/\/kwiatekfizjoterapia.pl\/wp-content\/uploads\/2025\/01\/bartosz-logo.png","contentUrl":"https:\/\/kwiatekfizjoterapia.pl\/wp-content\/uploads\/2025\/01\/bartosz-logo.png","width":1930,"height":1081,"caption":"Fizjoterapia Wroc\u0142aw Bartosz Kwiatek"},"image":{"@id":"https:\/\/kwiatekfizjoterapia.pl\/#\/schema\/logo\/image\/"}}]}},"_links":{"self":[{"href":"https:\/\/kwiatekfizjoterapia.pl\/index.php?rest_route=\/wp\/v2\/pages\/17","targetHints":{"allow":["GET"]}}],"collection":[{"href":"https:\/\/kwiatekfizjoterapia.pl\/index.php?rest_route=\/wp\/v2\/pages"}],"about":[{"href":"https:\/\/kwiatekfizjoterapia.pl\/index.php?rest_route=\/wp\/v2\/types\/page"}],"author":[{"embeddable":true,"href":"https:\/\/kwiatekfizjoterapia.pl\/index.php?rest_route=\/wp\/v2\/users\/1"}],"replies":[{"embeddable":true,"href":"https:\/\/kwiatekfizjoterapia.pl\/index.php?rest_route=%2Fwp%2Fv2%2Fcomments&post=17"}],"version-history":[{"count":91,"href":"https:\/\/kwiatekfizjoterapia.pl\/index.php?rest_route=\/wp\/v2\/pages\/17\/revisions"}],"predecessor-version":[{"id":190,"href":"https:\/\/kwiatekfizjoterapia.pl\/index.php?rest_route=\/wp\/v2\/pages\/17\/revisions\/190"}],"wp:attachment":[{"href":"https:\/\/kwiatekfizjoterapia.pl\/index.php?rest_route=%2Fwp%2Fv2%2Fmedia&parent=17"}],"curies":[{"name":"wp","href":"https:\/\/api.w.org\/{rel}","templated":true}]}}